3. What is the tens digit of m?
3
Let x(q) = -q**2 + 9*q - 5. Let w be x(8). Suppose -2*n - i + 219 = 0, 4*n = w*i + 73 + 370. What is the tens digit of n?
1
Let x = 7 - 10. Let l be (1 - (x + 3)) + -14. Let i = -7 - l. What is the units digit of i?
6
Let l(r) be the second derivative of r**3/6 + r**2/2 + 9*r. What is the units digit of l(1)?
2
Let o(f) = f - 7. Let s be o(1). What is the tens digit of s/4 + 1/((-4)/(-630))?
5
Let v(i) = 99*i + 557. What is the units digit of v(23)?
4
Suppose 638 = -3*d + 3029. What is the hundreds digit of d?
7
Suppose -7*i + 2340 = -2245. What is the hundreds digit of i?
6
Let t = 83 - 44. Suppose -t = 5*v + 6. What is the tens digit of v/(-12) - (-109)/4?
2
Suppose -201*c + 260 = -191*c. Suppose -5 - 1 = -3*a. Suppose -a*v = -c - 82. What is the tens digit of v?
5
Suppose -u + 56 = p - 77, -4*p = -u + 138. What is the tens digit of u?
3
Suppose 4*f - 2*f = -40. Let y be (f/6)/((-4)/162). Suppose -p + y = 2*p. What is the units digit of p?
5
Let f(v) = -291*v + 177. What is the thousands digit of f(-8)?
2
Suppose 3*r - 7444 = 7*z - 6*z, z - 2 = 0. What is the thousands digit of r?
2
Let q = 4343 - 1675. What is the hundreds digit of q?
6
Suppose -2*i = -6 + 16. Let l(k) = -12*k - 14. What is the units digit of l(i)?
6
Suppose -18 = -3*a - 0*a + h, -2*a + h + 13 = 0. Let k be (-6)/9*-3 - -118. Suppose -125 = -a*g + k. What is the tens digit of g?
4
Suppose -4*r = 2 - 14. Suppose -s - r*s + 224 = 0. What is the units digit of s?
6
Let u be (3 - 4)/(-2 + 1). What is the tens digit of (1 + 20)/1 + u?
2
Let n = 1 - 55. What is the tens digit of n/(-2) - 2/(-1)?
2
Let j = 125 + -3. Suppose 0 = 4*q + q + 20, 4*q + j = 2*r. What is the units digit of r?
3
Let t = 312 + 53. What is the hundreds digit of t?
3
Let r(q) be the second derivative of 0 + q**3 - 4*q + 1/12*q**4 - 1/2*q**2. What is the tens digit of r(-11)?
5
Let y(j) = 4*j**3 - j**2 - j. Let l(d) = 9*d**3 - 2*d**2 - 2*d. Let b(a) = 3*l(a) - 7*y(a). What is the units digit of b(1)?
1
Let b = 4 - 1. Suppose 0 = -4*c + b*g - g + 3764, c - 938 = -g. What is the units digit of 12/(-54) + c/18?
2
Suppose 50519 = 42*m - 33859. What is the tens digit of m?
0
Let a be 6/(-10) + (-163)/(-5). What is the units digit of ((-6)/(-4))/(6/a)?
8
Let d = 155 + -198. Let o = d - -79. What is the tens digit of o?
3
Suppose -2*f + 8*d + 1622 = 4*d, 4*d - 4069 = -5*f. What is the hundreds digit of f?
8
Let r = 213 - 114. Suppose 3*c = s - 2*s - 43, 3*s + 4*c = -149. Let w = r + s. What is the tens digit of w?
4
Let h(d) = -d**3 + 17*d**2 - 23*d + 10. What is the units digit of h(11)?
3
Suppose 5*v = 5*b - 135, 4*b + 5*v + 50 = 140. Suppose 22*q - b*q + 219 = 0. What is the tens digit of q?
7
Suppose 3*q = 7*q - 16. Let z = q + 40. Suppose 2*n + 5*h - z = 79, 0 = -5*n - h + 342. What is the units digit of n?
9
Suppose 7*s = 6*s + 5. Suppose -576 = -2*b - 2*b + s*m, 4*b - 580 = 4*m. What is the units digit of b?
9
Let g(t) = 2*t - 20. Let p be g(9). What is the tens digit of 3366/21 - (p + (-32)/(-14))?
6
What is the hundreds digit of (-18)/(-4)*(-876)/(-9)?
4
Let j be 7 - 5/10*8. Suppose -l - 3*l + j*g + 42 = 0, l - 4*g - 4 = 0. What is the units digit of l?
2
Let o(m) = -88*m**2 + 2*m + 3. Let k be o(2). Let z = -246 - k. What is the units digit of z?
9
Let c(p) = -25*p - 1. Let t be c(-8). Suppose 0 = -7*u + t - 80. What is the units digit of u?
7
Let k be (-248)/(-10)*(3 - -2). Suppose 0 = 2*x - 4*x + k. Suppose -x = -3*p - 2. What is the units digit of p?
0
Let u = -15 + 15. Suppose -3*n = -5*w - u - 2, 3*w + 4*n = 22. Suppose -w*q = -24 - 6. What is the tens digit of q?
1
Suppose 0 = -2*u - 4, -5*s - 3*u - 2*u = -115. Let o = s - -18. What is the units digit of o?
3
Suppose 9 = -5*v + 34, -7165 = -5*a - 5*v. What is the tens digit of 2/6 - (a/(-9) - 2)?
6
Suppose -l + 856 = 4*i + 3*l, 5*i + 2*l - 1055 = 0. What is the units digit of i?
9
Let y be (-88)/(-6) - 14/21. Suppose 2*j + 3*t + 2 = -0*j, 4*t = 3*j - y. Suppose 18 = j*h - h. What is the units digit of h?
8
Let g be (-8)/(32/12) + 4. Let w(c) = 19*c**3 + c**2 + 2*c - 3. What is the tens digit of w(g)?
1
What is the units digit of (45/30)/(9/27606)?
1
Suppose -3*y = -5*w + 4390, 4*w + 0*w - 3505 = y. What is the hundreds digit of w?
8
Let l = 3846 + 515. What is the thousands digit of l?
4
Suppose t = -3*t + 104. Suppose -3*q + 5*o + 43 = 0, -2*o - t = -2*q - 0*o. Let d = 31 + q. What is the tens digit of d?
4
Let y be ((-33)/(-9) - 3)*-3. Let l(i) = -4*i - 3. Let b be l(y). Suppose -b*c = -27 - 73. What is the tens digit of c?
2
Suppose d + o + 3 = 3*d, -5*d + 12 = -4*o. Suppose d = -4*g - 9 + 217. What is the tens digit of g?
5
Suppose 5*u - 3*j = -38, 0*u + 10 = u - 5*j. Let n be 202/u + (-2)/(-10). Let s = n - -33. What is the units digit of s?
3
Suppose -16 = 2*r + 32. Let j = -15 - r. What is the units digit of (156/j)/4*3?
3
Suppose 5*z - 5*k = 120, -z - 3*k - 17 + 57 = 0. What is the units digit of z/4 - 4 - -17?
0
Let v(c) = c**2 - 14*c + 30. Let s be v(18). Suppose 4*x = 5*n - 402 + 111, 2*n + 2*x = s. What is the units digit of n?
5
Let m(z) = z - 16. Let a be m(13). Let o(i) be the third derivative of i**6/120 + i**5/15 - i**4/6 + i**3/6 + 3*i**2. What is the tens digit of o(a)?
2
Suppose -2404 = -5*c - 4*o, -o = 5*c + o - 2402. What is the units digit of c?
0
Let l(r) = 198*r - 497. What is the units digit of l(21)?
1
Let q = -59 + 156. Suppose y = 3*c + q, 3*y - c = 3*c + 271. What is the units digit of y?
5
Let l(d) = -d**3 - 17*d**2 - 15*d + 17. Let v be l(-16). What is the units digit of 0 + (v + 55)/2?
8
Let x(a) be the first derivative of a**5/120 + 7*a**4/12 + 4*a**3/3 + 3. Let o(f) be the third derivative of x(f). What is the units digit of o(-13)?
1
Let p be (-10)/4 + 10/(-20). Let n(r) = -r**3 - 3*r**2 - r + 1. Let i be n(p). Suppose i*w - 32 - 46 = -3*b, 0 = 2*w - 4*b - 28. What is the units digit of w?
8
Let j(l) = 2*l**2 + 8. Let w = 13 - 18. Let z be j(w). Let f = 112 - z. What is the units digit of f?
4
Let j = 21 - 46. Let g = j - -50. What is the tens digit of g?
2
What is the hundreds digit of ((-290)/6)/((-76)/456)?
2
Let r(g) = g**3 - 8*g**2 - 12*g - 8. Let d be r(9). Let s = 72 + d. What is the units digit of s?
7
Suppose 3*d = 12, -3*d = -3*t - 2*t + 3. Suppose -5*l + 5*c + 10 = 6*c, 5*l = -t*c. Let y(b) = 11*b + 3. What is the units digit of y(l)?
6
Let d(f) = -3*f**3 + 4*f**2 - 4*f - 3. Let r(g) = g**2 - g - 1. Let u(v) = -d(v) + 4*r(v). Let y be u(2). Let h = 44 - y. What is the units digit of h?
1
What is the hundreds digit of 18/10*98240/48?
6
Suppose 0 = 14*k - 26 - 16. Suppose k*t - 175 - 110 = 0. What is the units digit of t?
5
Let k(m) = 50*m - 115. What is the thousands digit of k(23)?
1
Let r = 9921 + -6609. What is the tens digit of r?
1
Let a(q) = -q**3 + q**2 + q - 1. Let h be a(2). Let b = 1 - h. Suppose b*z - 29 = 15. What is the units digit of z?
1
Let p be (6/(-8))/(69/(-644)). Let h be 18/4*6/3. Let w = h - p. What is the units digit of w?
2
Suppose -28*z - 30 = -23*z. Let m(s) = -4*s - 12. What is the units digit of m(z)?
2
What is the units digit of (21*(-5)/(-60))/((-1)/(-124))?
7
Suppose 10*b = 8*b + 246. Let t = -17 + b. Let x = 156 - t. What is the tens digit of x?
5
Let x(i) = -2*i**3 + i**2 + 6*i + 26. What is the units digit of x(-4)?
6
Suppose 3*q - 1737 = -4*k, 0 = 3*k - 5*k - q + 869. What is the tens digit of k?
3
Suppose -117 = -6*w + 15. Let d = 57 + w. What is the units digit of d?
9
Suppose -p + 2*x + 53 = 0, 0 = -2*p - 4*x + 117 - 19. Suppose -123 - p = -3*v. What is the tens digit of v?
5
Suppose m + 17 = -8. Let y = -13 - m. Let x = 2 + y. What is the tens digit of x?
1
Suppose -2*r - 11*r = -4238. What is the units digit of r?
6
Suppose -2*x + 134 = 2*b, 2*x - 2*b = 40 + 86. Let s = -33 + x. What is the units digit of s?
2
Let q = -808 + 1472. What is the tens digit of q?
6
Let h(q) = 4*q - 2. Let y be h(3). Suppose -u + v = -4*v + 12, 2*u - 3*v = -3. Let j = u + y. What is the units digit of j?
3
Let z(g) be the second derivative of 11/2*g**2 + 1/12*g**4 + 13/6*g**3 + 0 - g. What is the units digit of z(-13)?
1
Let m = -36 - -38. Suppose -5*w = 5*g - 570, 96 = g + m*w - 7*w. What is the tens digit of g?
1
Let l = 3595 - 1996. What is the th